?
180
Calculate the remainder when 6132501 is divided by 1266.
1263
Calculate the remainder when 1958663 is divided by 37.
31
What is the remainder when 171041 is divided by 18928?
689
Calculate the remainder when 90376153 is divided by 13.
10
What is the remainder when 19702607 is divided by 1488?
1487
Calculate the remainder when 6218967 is divided by 64113.
6
Calculate the remainder when 183724 is divided by 161.
23
Calculate the remainder when 1294988 is divided by 185.
173
Calculate the remainder when 53453 is divided by 422.
281
Calculate the remainder when 271352 is divided by 20868.
68
Calculate the remainder when 13495614 is divided by 16.
14
What is the remainder when 15965114 is divided by 6157?
13
What is the remainder when 61582678 is divided by 3435?
3433
What is the remainder when 826152 is divided by 412100?
1952
Calculate the remainder when 6361603 is divided by 79520.
3
Calculate the remainder when 1954537 is divided by 19.
7
What is the remainder when 1657080 is divided by 2374?
28
What is the remainder when 11978969 is divided by 670?
39
Calculate the remainder when 856774 is divided by 171003.
1759
Calculate the remainder when 18532 is divided by 567.
388
Calculate the remainder when 3642395 is divided by 1214130.
5
Calculate the remainder when 476133292 is divided by 182.
180
What is the remainder when 9339115 is divided by 590?
5
Calculate the remainder when 49962 is divided by 5251.
2703
Calculate the remainder when 8899539 is divided by 113.
111
What is the remainder when 123661 is divided by 2373?
265
What is the remainder when 2573373 is divided by 652?
581
What is the remainder when 211177 is divided by 483?
106
What is the remainder when 2042552 is divided by 14?
8
What is the remainder when 1521144 is divided by 760376?
392
Calculate the remainder when 41461871 is divided by 1529.
1507
What is the remainder when 57899920 is divided by 8361?
8356
What is the remainder when 58740909 is divided by 140?
129
Calculate the remainder when 19349 is divided by 18857.
492
Calculate the remainder when 267289 is divided by 252.
169
Calculate the remainder when 117223604 is divided by 9.
8
Calculate the remainder when 27006 is divided by 216.
6
What is the remainder when 1396327 is divided by 8?
7
Calculate the remainder when 42729 is divided by 65.
24
What is the remainder when 148111 is divided by 1427?
1130
Calculate the remainder when 77831960 is divided by 5399.
5375
What is the remainder when 7345157 is divided by 1224168?
149
What is the remainder when 3210749 is divided by 4978?
4917
Calculate the remainder when 11598507 is divided by 35.
32
What is the remainder when 76925 is divided by 3321?
542
Calculate the remainder when 47490 is divided by 7913.
12
What is the remainder when 2144856 is divided by 184?
152
Calculate the remainder when 62077654 is divided by 10.
4
What is the remainder when 84365 is divided by 318?
95
Calculate the remainder when 40537 is divided by 5773.
126
Calculate the remainder when 403805 is divided by 57658.
199
What is the remainder when 10864 is divided by 9269?
1595
What is the remainder when 1023801 is divided by 238?
163
Calculate the remainder when 8370666 is divided by 8370656.
10
Calculate the remainder when 4355321 is divided by 38.
27
Calculate the remainder when 66246938 is divided by 4059.
4058
Calculate the remainder when 11744074 is divided by 1023.
34
What is the remainder when 456556 is divided by 91296?
76
What is the remainder when 19746809 is divided by 929?
914
Calculate the remainder when 72917 is divided by 72795.
122
What is the remainder when 3136347 is divided by 101168?
139
What is the remainder when 3956781 is divided by 791225?
656
What is the remainder when 1457433 is divided by 1183?
1160
Calculate the remainder when 67850953 is divided by 557.
555
Calculate the remainder when 978113 is divided by 488904.
305
What is the remainder when 429307 is divided by 107314?
51
Calculate the remainder when 5064919 is divided by 3397.
3389
What is the remainder when 4891503 is divided by 2174?
3
What is the remainder when 13123612 is divided by 25?
12
Calculate the remainder when 10145333 is divided by 1540.
1353
What is the remainder when 309438414 is divided by 27?
0
Calculate the remainder when 9394572 is divided by 12493.
12329
Calculate the remainder when 24311 is divided by 279.
38
Calculate the remainder when 1567635992 is divided by 7161.
7160
What is the remainder when 127053 is divided by 63482?
89
Calculate the remainder when 3319153 is divided by 41.
39
What is the remainder when 35188 is divided by 49?
6
Calculate the remainder when 96149089 is divided by 4006212.
1
Calculate the remainder when 6218348 is divided by 1736.
1732
Calculate the remainder when 6584168 is divided by 371.
31
What is the remainder when 125392487 is divided by 2985535?
17
Calculate the remainder when 4142162 is divided by 115060.
2
Calculate the remainder when 65514120 is divided by 1213224.
24
What is the remainder when 156363 is divided by 7817?
23
Calculate the remainder when 9843322 is divided by 17832.
58
Calculate the remainder when 281236 is divided by 1160.
516
Calculate the remainder when 208342267 is divided by 9.
7
What is the remainder when 22886 is divided by 1204?
10
Calculate the remainder when 494447 is divided by 73.
18
What is the remainder when 479333 is divided by 5773?
174
What is the remainder when 2105372 is divided by 32?
28
What is the remainder when 208214 is divided by 208172?
42
What is the remainder when 1307767 is divided by 26?
19
Calculate the remainder when 44462589 is divided by 11.
6
Calculate the remainder when 66810 is divided by 16692.
42
Calculate the remainder when 92604025 is divided by 13229145.
10
What is the remainder when 282722 is divided by 4641?
4262
Calculate the remainder when 13496128 is divided by 4498705.
13
Calculate the remainder when 1082606 is divided by 360863.
17
Calculate the remainder when 4217067 is divided by 324389.
10
Calculate the remainder when 37608988 is divided by 149.
47
Calculate the remainder when 2485889 is divided by 63.
35
What is the remainder when 76087 is divided by 19018?
15
What is the remainder when 20561 is divided by 20550?
11
Calculate the remainder when 12820400 is divided by 36.
8
Calculate the remainder when 209775 is divided by 69917.
24
What is the remainder when 5367521 is divided by 77?
5
What is the remainder when 31188474 is divided by 484?
482
What is the remainder when 18346784 is divided by 764447?
56
What is the remainder when 151518 is divided by 12624?
30
What is the remainder when 28268774 is divided by 236?
222
Calculate the remainder when 153234906 is divided by 27.
24
Calculate the remainder when 892829 is divided by 63773.
7
Calculate the remainder when 20365539 is divided by 17.
15
What is the remainder when 128770 is divided by 15893?
1626
Calculate the remainder when 45667499 is divided by 150.
149
What is the remainder when 5015956 is divided by 319?
0
What is the remainder when 2252270 is divided by 107247?
83
Calculate the remainder when 2740458 is divided by 117.
84
Calculate the remainder when 1264659 is divided by 108.
87
Calculate the remainder when 581402 is divided by 1647.
11
What is the remainder when 616127 is divided by 264?
215
What is the remainder when 14624 is divided by 13823?
801
What is the remainder when 3677185 is divided by 84?
1
Calculate the remainder when 8474223 is divided by 2164.
2163
Calculate the remainder when 124674160 is divided by 33.
28
Calculate the remainder when 98014178 is divided by 85.
83
Calculate the remainder when 569155 is divided by 208.
67
What is the remainder when 460843 is divided by 88?
75
What is the remainder when 8079277 is divided by 3679?
193
Calculate the remainder when 15054334 is divided by 16.
14
What is the remainder when 190185 is divided by 63370?
75
What is the remainder when 1141372 is divided by 142658?
108
Calculate the remainder when 27441 is divided by 3705.
1506
What is the remainder when 237157458 is divided by 2970?
2958
What is the remainder when 150068 is divided by 2678?
100
What is the remainder when 3143096 is divided by 19893?
2
What is the remainder when 7381695 is divided by 499?
487
Calculate th